are the prime factors of b(-2)?
2, 17
Let s be -2 - ((5 - 5) + -2). Suppose s = -9*a + 12*a - 369. What are the prime factors of a?
3, 41
Let v be 7*(-8)/(-168) - 1205/(-3). Suppose -6*i + 1104 = v. List the prime factors of i.
3, 13
List the prime factors of (453 - -15)/(0 - -1).
2, 3, 13
Let z = 40 + -41. Let f(l) = -66*l**3 + 2*l**2 + 3*l + 2. List the prime factors of f(z).
67
List the prime factors of -2 + 1 + 301 + 42/(-21).
2, 149
Let w(q) = -q**2 - 3*q - 19. Let b be w(8). Let c = b - -169. List the prime factors of c.
2, 31
Let n be -3*2/9 - (-20)/3. Suppose n*v + 207 = 9*v. List the prime factors of v.
3, 23
Suppose 0 = -2*w - 2*r - 20, 2*r + 0*r + 31 = -3*w. Let l(i) = i**3 + 12*i**2 + 6*i - 17. What are the prime factors of l(w)?
2, 19
Suppose -613 = -2*b + 15. Suppose -b = 51*p - 53*p. List the prime factors of p.
157
Suppose -1080 = -u - 93*h + 90*h, -4*u = 3*h - 4320. What are the prime factors of u?
2, 3, 5
Suppose 15*t - 1508 = 2*t. What are the prime factors of t?
2, 29
Let a = 7 + -3. Suppose -4*c + 109 = -z - 59, -c + a*z + 27 = 0. What are the prime factors of c?
43
Let j = 642 - 214. List the prime factors of j.
2, 107
Let m = -129 - -63. Let z be m/(-14) - (-6)/21. Suppose -c = -3*r - 6*c + 34, -28 = -r - z*c. List the prime factors of r.
3
Let c = 85 + -85. Suppose 5*s + c*z - 1078 = -3*z, -433 = -2*s - 3*z. List the prime factors of s.
5, 43
Suppose -4*m - 5*h = -196 - 874, 4*h - 802 = -3*m. List the prime factors of (-597)/(-5) - 9*12/m.
7, 17
Let t(u) = u**3 - 21*u**2 - 39*u - 47. List the prime factors of t(24).
5, 149
Let o(w) = 62*w + 14. List the prime factors of o(2).
2, 3, 23
Suppose 1 = b - 4. Suppose 150 = -5*s + b. Let z = s - -48. What are the prime factors of z?
19
Let s = 168 + -63. Let y = -50 + s. List the prime factors of y.
5, 11
Suppose 5*i = 3*t + 26, -t - 6 = -4*i + 12. Suppose -p - 2 + i = -u, 3*u - 4*p = -11. Let m(c) = 5*c. What are the prime factors of m(u)?
3, 5
Let u(a) = -6*a**2 + 26*a + 77. Let y(v) = 5*v**2 - 25*v - 78. Let r(z) = -6*u(z) - 7*y(z). List the prime factors of r(-24).
2, 3, 17
Let d = 8861 - 4948. What are the prime factors of d?
7, 13, 43
Let q = 5602 - 3283. List the prime factors of q.
3, 773
Suppose -5*g - 60 = -g. Let l = g + 19. Suppose -l*t + 31 - 11 = 0. What are the prime factors of t?
5
Suppose -3 = -5*a + 7. Suppose 0 = 3*t - 3*y - a*y - 15, -3*t + 2*y + 15 = 0. Suppose -s + 4*p = 0, t*p - p = -5*s + 24. List the prime factors of s.
2
Suppose 2*v - 10 = -3*v. Let y = 0 + v. Suppose y*g + 3*g - 88 = -4*f, 3*g + 3*f - 51 = 0. What are the prime factors of g?
2, 5
Suppose -1078*x = -1082*x + 4256. List the prime factors of x.
2, 7, 19
Let u(p) = -4*p - 7. Let d be u(-3). Suppose -9 = d*b - 169. List the prime factors of b*(-3)/(-2 + -1).
2
Suppose 2 = 2*s, -2*p = p - 2*s + 20. What are the prime factors of ((-3)/p - 0)*120?
2, 3, 5
Let h(j) = j. Let k(y) = -12*y + 4. Let w(q) = -5*h(q) + k(q). List the prime factors of w(-2).
2, 19
Let f(g) = 5*g**2 - g. Let t be ((-12)/15)/((-4)/(-10)). Let z be -9 + 5 - (1 + t). What are the prime factors of f(z)?
2, 3
Let p(v) = v**3 - 9*v**2 + 4. Let w be p(9). Suppose 9 = -w*y + 37. List the prime factors of y.
7
Let w(a) be the third derivative of -3*a**4/8 - 13*a**3/6 + 2*a**2. Let d = 245 + -252. List the prime factors of w(d).
2, 5
Suppose 2*c = 4 + 4. What are the prime factors of ((-12)/6)/(c/(-94))?
47
Let f = 1339 - -656. What are the prime factors of f?
3, 5, 7, 19
Let w(h) = h + 9. Let t be w(11). Let f = 25 + t. What are the prime factors of f?
3, 5
Let w = 1434 - 535. What are the prime factors of w?
29, 31
Suppose -2*i + 37 = 11. Suppose -i = -3*f + 2. Suppose -f*m = -4*m - 4. List the prime factors of m.
2
Let x be ((0 - 1085)/(-5))/1. Suppose 0 = 6*b - x - 23. List the prime factors of b.
2, 5
Let k(u) = 5*u - 16. Let w be k(4). Suppose -4*m = 5*a - 3*m - 155, -52 = -a + w*m. Suppose -4*o + a = 8. What are the prime factors of o?
2, 3
What are the prime factors of 13377/28 - 3/(-12)?
2, 239
Suppose c = 5*c - 16, 4*c = -5*w - 599. Let n = -40 - w. List the prime factors of n.
83
Suppose 3*h + 428 = 2*t + 30, h + 141 = -t. List the prime factors of 2/10 - h/20.
7
List the prime factors of 2*(-1)/(1*(-2)/218).
2, 109
Suppose -15*h + 30 + 1275 = 0. List the prime factors of h.
3, 29
Let t(j) = 18*j + 33. Let o be ((-2)/(-2))/((-2)/(-14)). List the prime factors of t(o).
3, 53
Suppose 5*t + 5370 = 5*r, 5*r - t + 4*t - 5394 = 0. List the prime factors of r.
3, 359
Let u(o) = 4*o**3 - 1. Let y(d) = -d**3 - 7*d**2 - 6*d + 2. Suppose -4*s + 30 = -9*s. Let x be y(s). What are the prime factors of u(x)?
31
Suppose 0 = 5*j + 3*g - 1460, 11*j - 15*j + 1168 = 3*g. List the prime factors of j.
2, 73
Let s = -762 - -1078. Suppose -61 = -j - 4*g, 4*j - g = g + s. What are the prime factors of j?
7, 11
Suppose 0 = c - 4. Suppose c*o - f = 8, o - 1 = f + 1. Suppose 61 = q - 3*m + o*m, -138 = -2*q - 2*m. What are the prime factors of q?
5, 13
Suppose 17 + 3 = 5*i. Let s(c) = 9*c - i*c - 10*c - 14. List the prime factors of s(-6).
2
Let h = -278 - -76. What are the prime factors of 36/(-12) + h/(-2)?
2, 7
What are the prime factors of (5870/(-30))/((20/(-15))/4)?
587
Let m(s) = 111*s**3 + 5*s**2 - 9*s + 5. What are the prime factors of m(2)?
5, 179
Let t(i) = -2*i - 13. Let n be t(-12). Let y = n + 37. List the prime factors of y.
2, 3
Let o = -1 + 1. Let p be o - 1 - (9 - 10). Suppose d + 3 = -5*l + 12, p = -4*l - 12. List the prime factors of d.
2, 3
List the prime factors of 357 + 1 + 50/(-10).
353
Let u = 1019 + -678. List the prime factors of u.
11, 31
Suppose -4*n + 0*i + 4*i - 80 = 0, -5*n + 2*i = 88. Let g(y) = y**2 + 10*y - 33. List the prime factors of g(n).
3, 7
Let o be 81/6 + (-4)/(-8). Suppose o*i - 13*i = 0. Suppose 16 = -4*u, i*h - 2 = h + u. What are the prime factors of h?
2
Suppose -5*m + 4*m = -3*m. Suppose 0*t + t - 54 = m. What are the prime factors of t?
2, 3
Let t be 18/(-12)*8/6. Let p be (-1 - t)/(7/210). Suppose p + 0 = 5*q. What are the prime factors of q?
2, 3
Suppose -m - 18 = -q - 0*m, -3*q - m = -58. Let j = q + -15. Suppose 0*y = -y + j*v + 8, -40 = -5*y - 2*v. List the prime factors of y.
2
Suppose 0 = -2*a + 6 + 6. Suppose -n = 5*k - 105, -9 = 3*k - a*k. List the prime factors of n.
2, 3, 5
Suppose 26*j - 8271 = -471. What are the prime factors of j?
2, 3, 5
Let o(j) = 2*j**2 - 5*j + 4. Let a be o(2). Suppose 3*s = -2*z + 81, s + a*z = -s + 56. List the prime factors of s.
5
Let y(l) = -l**3 - 5*l**2 + 3*l - 3. Let d be y(-3). Let n = d - -50. List the prime factors of 1*(-1 - (2 - n)).
17
Suppose -63*y - 2570 = -65*y. List the prime factors of y.
5, 257
Let y(c) be the third derivative of -c**7/5040 + c**6/720 - c**5/10 - 4*c**2. Let l(f) be the third derivative of y(f). What are the prime factors of l(-4)?
5
Let o = 744 + -305. What are the prime factors of o?
439
Let f(c) = 18*c**2 + c - 2. Let h be -3*(-7)/((-63)/(-6)). What are the prime factors of f(h)?
2, 3
Let y = -461 - 61. Let m = 334 + y. Let l = -130 - m. What are the prime factors of l?
2, 29
Let m = 1801 + -1227. List the prime factors of m.
2, 7, 41
Suppose -41 = k - 146. Suppose -2*q + 6 = 0, 0 = 4*l - 7*l + 4*q + k. Suppose -2*m - 2*s = -44, -4*m + l + 81 = -4*s. List the prime factors of m.
2, 13
Suppose -46*a + 49*a - 129 = 0. Suppose 0 = 48*w - a*w - 755. What are the prime factors of w?
151
Suppose 101 = z - 0*z. Suppose z = a + 8. What are the prime factors of a?
3, 31
Let f(i) = 14*i + 7. Let v be f(-6). Let r(s) = -2*s + 53. Let l be r(-34). Let p = v + l. What are the prime factors of p?
2, 11
Let f(c) = -3*c**2 + c. Let n be f(-1). Let w = n - -7. Suppose -43 = w*l - 130. List the prime factors of l.
29
Let m = 2437 + -1376. List the prime factors of m.
1061
Let r be (-3 - -2)*(3 + -1). Let p(q) = 42*q**2 + q - 1. Let z be p(r). Suppose -2*f - f - 33 = -o, -5*o - 4*f + z = 0. What are the prime factors of o?
3, 11
Suppose -3*o + 21952 = -3*t + 7297, -t = -2*o + 9767. List the prime factors of o.
2, 2441
Let k(o) = o**2 - 10*o + 19. Let s be k(8). Suppose s*g - 109 = -5*c, c = -3*g - 0*c + 125. What are the prime factors of g?
43
Let u(n) = 8*n**2 - 4*n + 16. List the prime factors of u(6).
2, 5, 7
Let p(v) = 3*v + 14. Le